{"id":24,"date":"2018-05-24T07:11:57","date_gmt":"2018-05-24T07:11:57","guid":{"rendered":"http:\/\/cs-berlin.de\/?page_id=24"},"modified":"2026-02-01T11:02:33","modified_gmt":"2026-02-01T11:02:33","slug":"ueber","status":"publish","type":"page","link":"https:\/\/cs-berlin.de\/?page_id=24","title":{"rendered":"\u00dcber"},"content":{"rendered":"<div id=\"column_l\">\n<h2>Seit 01.04.1997 &#8230;<\/h2>\n<p>&#8230; arbeitet Jens Ulmann als Inhaber des Computer-Service als freundlicher und kompetenter Ansprechpartner im Dienste seiner Kunden.<\/p>\n<h3>Firmenkunden<\/h3>\n<p>Durch kontinuierliche Aus- und Weiterbildung habe ich solide Partnerschaften mit namenhaften Herstellern aufgebaut. Dadurch kann ich standardisierte und dennoch ma\u00dfgeschneiderte und ausbauf\u00e4hige L\u00f6sungen etablieren.<\/p>\n<p>Investitionsschutz, Stabilit\u00e4t und Sicherheit der von uns empfohlenen und eingesetzten Produkte sorgen f\u00fcr geringe und kalkulierbare Folgekosten f\u00fcr die IT-Infrastruktur.<\/p>\n<h3>Privatkunden<\/h3>\n<p>Auch meine Privatkunden profitieren durch hochwertige Computer-L\u00f6sungen und meine sehr lange Berufserfahrung. Schnelle Fehlerdiagnose und -behebung sowie stabile und ger\u00e4uscharme Computer und Notebooks sichern eine hohe Verf\u00fcgbarkeit.<\/p>\n<p>Trotz h\u00f6herer Stundenpreise und Investitionskosten sind die Kosten \u00fcber den Lebenszeitraum des Computer-Systems von ca. 5 Jahren h\u00e4ufig deutlich niedriger, als bei Fehlk\u00e4ufen im Konsumermarkt.<\/p>\n<\/div>\n<div id=\"column_r\">\n<p>Jens Ulmann, Inhaber<\/p>\n<\/div>\n","protected":false},"excerpt":{"rendered":"<p>Seit 01.04.1997 &#8230; &#8230; arbeitet Jens Ulmann als Inhaber des Computer-Service als freundlicher und kompetenter Ansprechpartner im Dienste seiner Kunden. Firmenkunden Durch kontinuierliche Aus- und Weiterbildung habe ich solide Partnerschaften mit namenhaften Herstellern aufgebaut. Dadurch kann ich standardisierte und dennoch ma\u00dfgeschneiderte und ausbauf\u00e4hige L\u00f6sungen etablieren. Investitionsschutz, Stabilit\u00e4t und Sicherheit der von uns empfohlenen und eingesetzten&hellip; <a class=\"continue\" href=\"https:\/\/cs-berlin.de\/?page_id=24\">Weiter Lesen<span> \u00dcber<\/span><\/a><\/p>\n","protected":false},"author":2,"featured_media":0,"parent":0,"menu_order":0,"comment_status":"closed","ping_status":"closed","template":"","meta":{"footnotes":""},"class_list":["post-24","page","type-page","status-publish","hentry"],"_links":{"self":[{"href":"https:\/\/cs-berlin.de\/index.php?rest_route=\/wp\/v2\/pages\/24","targetHints":{"allow":["GET"]}}],"collection":[{"href":"https:\/\/cs-berlin.de\/index.php?rest_route=\/wp\/v2\/pages"}],"about":[{"href":"https:\/\/cs-berlin.de\/index.php?rest_route=\/wp\/v2\/types\/page"}],"author":[{"embeddable":true,"href":"https:\/\/cs-berlin.de\/index.php?rest_route=\/wp\/v2\/users\/2"}],"replies":[{"embeddable":true,"href":"https:\/\/cs-berlin.de\/index.php?rest_route=%2Fwp%2Fv2%2Fcomments&post=24"}],"version-history":[{"count":5,"href":"https:\/\/cs-berlin.de\/index.php?rest_route=\/wp\/v2\/pages\/24\/revisions"}],"predecessor-version":[{"id":157,"href":"https:\/\/cs-berlin.de\/index.php?rest_route=\/wp\/v2\/pages\/24\/revisions\/157"}],"wp:attachment":[{"href":"https:\/\/cs-berlin.de\/index.php?rest_route=%2Fwp%2Fv2%2Fmedia&parent=24"}],"curies":[{"name":"wp","href":"https:\/\/api.w.org\/{rel}","templated":true}]}}